the remainder when 1087513 is divided by 155354?
35
Calculate the remainder when 18912992 is divided by 395.
392
Calculate the remainder when 546763 is divided by 23.
7
Calculate the remainder when 122411 is divided by 117192.
5219
What is the remainder when 2257037 is divided by 567?
377
What is the remainder when 201869 is divided by 201240?
629
What is the remainder when 311221 is divided by 792?
757
What is the remainder when 233835 is divided by 13751?
68
What is the remainder when 47502024 is divided by 419?
413
Calculate the remainder when 26170800 is divided by 1098.
1068
Calculate the remainder when 3436064 is divided by 1574.
22
Calculate the remainder when 50691 is divided by 2942.
677
What is the remainder when 695555 is divided by 57958?
59
Calculate the remainder when 177319 is divided by 58958.
445
Calculate the remainder when 822480294 is divided by 1563.
1560
What is the remainder when 165537 is divided by 4039?
3977
What is the remainder when 11256 is divided by 1098?
276
What is the remainder when 277366 is divided by 276741?
625
What is the remainder when 1455611 is divided by 242576?
155
Calculate the remainder when 123229 is divided by 13662.
271
What is the remainder when 64557 is divided by 2668?
525
Calculate the remainder when 2414937 is divided by 804977.
6
What is the remainder when 1101627 is divided by 8409?
48
What is the remainder when 52315 is divided by 16539?
2698
What is the remainder when 7267181 is divided by 3633584?
13
What is the remainder when 311051 is divided by 51811?
185
What is the remainder when 268886733 is divided by 27?
24
Calculate the remainder when 1555962 is divided by 4701.
4632
Calculate the remainder when 6139952 is divided by 5749.
20
What is the remainder when 2286486 is divided by 1213?
1194
What is the remainder when 15348739 is divided by 1534873?
9
Calculate the remainder when 768943 is divided by 231.
175
Calculate the remainder when 2575887 is divided by 33.
6
Calculate the remainder when 92091 is divided by 29963.
2202
Calculate the remainder when 3387863 is divided by 7058.
23
Calculate the remainder when 1675665 is divided by 2720.
145
What is the remainder when 600377 is divided by 11?
8
Calculate the remainder when 8540212 is divided by 776382.
10
Calculate the remainder when 38545492 is divided by 217.
216
Calculate the remainder when 68137799 is divided by 3336.
3335
Calculate the remainder when 2387822 is divided by 53062.
32
Calculate the remainder when 20724 is divided by 2017.
554
Calculate the remainder when 20287 is divided by 9751.
785
Calculate the remainder when 8041025 is divided by 227.
4
Calculate the remainder when 1606299 is divided by 44.
35
What is the remainder when 53125 is divided by 88?
61
Calculate the remainder when 5346487 is divided by 534607.
417
Calculate the remainder when 290988 is divided by 143943.
3102
What is the remainder when 1914097 is divided by 323?
322
Calculate the remainder when 693168 is divided by 124.
8
Calculate the remainder when 16322508 is divided by 267.
264
What is the remainder when 3486148 is divided by 2258?
2054
What is the remainder when 289040 is divided by 48157?
98
Calculate the remainder when 857775 is divided by 89.
82
What is the remainder when 2273697 is divided by 3308?
1101
Calculate the remainder when 1326583 is divided by 1340.
1323
What is the remainder when 1688562 is divided by 42214?
2
Calculate the remainder when 473721 is divided by 3163.
2434
What is the remainder when 1432709 is divided by 477564?
17
What is the remainder when 262849 is divided by 14948?
8733
Calculate the remainder when 9170697 is divided by 1461.
0
Calculate the remainder when 33369479 is divided by 6673893.
14
Calculate the remainder when 8802809 is divided by 1001.
15
Calculate the remainder when 75063 is divided by 14899.
568
Calculate the remainder when 5300748 is divided by 31.
27
What is the remainder when 64782090 is divided by 1698?
1692
Calculate the remainder when 1837872264 is divided by 77.
74
Calculate the remainder when 20398870 is divided by 105.
100
Calculate the remainder when 2312303 is divided by 770669.
296
Calculate the remainder when 3047805671 is divided by 93.
92
What is the remainder when 166817 is divided by 1062?
83
What is the remainder when 13010308 is divided by 1665?
1663
Calculate the remainder when 86172 is divided by 12295.
107
Calculate the remainder when 3332257 is divided by 4.
1
What is the remainder when 825850 is divided by 620?
10
What is the remainder when 2888980 is divided by 354?
340
What is the remainder when 209517294 is divided by 3?
0
What is the remainder when 16322 is divided by 3946?
538
What is the remainder when 4783391 is divided by 556?
123
Calculate the remainder when 25061 is divided by 1568.
1541
What is the remainder when 201289 is divided by 66672?
1273
What is the remainder when 126205 is divided by 62174?
1857
What is the remainder when 857591 is divided by 857559?
32
Calculate the remainder when 9983919 is divided by 225.
219
What is the remainder when 10150918 is divided by 31?
30
Calculate the remainder when 1567509 is divided by 5008.
5
Calculate the remainder when 235845 is divided by 7606.
59
Calculate the remainder when 62828657 is divided by 61.
60
What is the remainder when 68927 is divided by 67690?
1237
Calculate the remainder when 126294 is divided by 5715.
564
What is the remainder when 1877429 is divided by 466?
381
What is the remainder when 517495 is divided by 34499?
10
Calculate the remainder when 466905 is divided by 2864.
73
Calculate the remainder when 12082986 is divided by 6041476.
34
Calculate the remainder when 31404 is divided by 25780.
5624
What is the remainder when 7807158 is divided by 961?
955
Calculate the remainder when 11216 is divided by 749.
730
What is the remainder when 649159 is divided by 514?
491
What is the remainder when 1745639 is divided by 83125?
14
What is the remainder when 176278 is divided by 152?
110
Calculate the remainder when 694662 is divided by 342.
60
Calculate the remainder when 79952 is divided by 7001.
2941
What is the remainder when 455190 is divided by 32513?
8
What is the remainder when 23473 is divided by 2512?
865
What is the remainder when 3461098 is divided by 314645?
3
What is the remainder when 501985148 is divided by 5050?
5048
Calculate the remainder when 32516307 is divided by 396.
351
Calculate the remainder when 19054579 is divided by 3602.
3601
What is the remainder when 7546242 is divided by 443893?
61
What is the remainder when 174182 is divided by 21771?
14
Calculate the remainder when 351140 is divided by 175568.
4
What is the remainder when 70520561 is divided by 463951?
9
What is the remainder when 45007 is divided by 110?
17
Calculate the remainder when 3598522 is divided by 1906.
1900
Calculate the remainder when 13807017 is divided by 60.
57
Calculate the remainder when 7779932 is divided by 70.
62
What is the remainder when 46969 is divided by 155?
4
What is the remainder when 1225875 is divided by 2805?
90
What is the remainder when 108615 is divided by 54101?
413
Calculate the remainder when 217134 is divided by 72289.
267
What is the remainder when 496829 is divided by 247923?
983
What is the remainder when 148792 is divided by 574?
126
Calculate the remainder when 120906 is divided by 5056.
4618
What is the remainder when 553205845 is divided by 113?
107
Calculate the remainder when 1125578 is divided by 51162.
14
Calculate the remainder when 13618133 is divided by 1716.
1673
What is the remainder when 651409386 is divided by 6238?
6236
Calculate the remainder when 221309 is divided by 243.
179
Calculate the remainder when 11374609 is divided by 177728.
17
Calculate the remainder when 2089644 is divided by 215.
59
Calculate the remainder when 204925 is divided by 68256.
157
Calculate the remainder when 5359813 is divided by 25.
13
Calculate the remainder when 13715 is divided by 677.
175
What is the remainder when 57693 is divided by 760?
693
Calculate the remainder when 435399934 is divided by 128.
126
What is the remainder when 2411156 is divided by 5983?
7
Calculate the remainder when 26440061 is divided by 348.
65
What is the remainder when 367328892 is divided by 122442964